inder when 487031 is divided by 3675.
1931
What is the remainder when 203161163 is divided by 28?
23
What is the remainder when 2804298 is divided by 244?
6
Calculate the remainder when 608151 is divided by 3.
0
Calculate the remainder when 384601 is divided by 42539.
1750
What is the remainder when 1456080 is divided by 1891?
10
Calculate the remainder when 815937 is divided by 14568.
129
What is the remainder when 2924107 is divided by 391?
209
What is the remainder when 7597795 is divided by 108?
103
What is the remainder when 1497808 is divided by 213971?
11
Calculate the remainder when 90730698 is divided by 4028.
4026
What is the remainder when 2974319 is divided by 31?
24
Calculate the remainder when 323601 is divided by 14709.
3
What is the remainder when 230474 is divided by 3656?
146
What is the remainder when 171750 is divided by 63?
12
Calculate the remainder when 1391142 is divided by 2839.
32
Calculate the remainder when 34913577 is divided by 3.
0
Calculate the remainder when 177583 is divided by 387.
337
What is the remainder when 2434279 is divided by 17?
15
Calculate the remainder when 279158 is divided by 139427.
304
Calculate the remainder when 6970949 is divided by 1217.
1190
What is the remainder when 2752810 is divided by 35?
25
Calculate the remainder when 29956765 is divided by 18936.
13
What is the remainder when 274608 is divided by 325?
308
Calculate the remainder when 68468 is divided by 33934.
600
What is the remainder when 542506 is divided by 1995?
1861
What is the remainder when 100266 is divided by 29970?
10356
What is the remainder when 1054069 is divided by 2691?
1888
What is the remainder when 29901 is divided by 29521?
380
Calculate the remainder when 449672 is divided by 10704.
104
What is the remainder when 2312147 is divided by 1156068?
11
Calculate the remainder when 7067 is divided by 1011.
1001
Calculate the remainder when 3147687 is divided by 14.
11
Calculate the remainder when 70287262 is divided by 3013.
3011
Calculate the remainder when 105617 is divided by 308.
281
Calculate the remainder when 9529112 is divided by 61.
58
Calculate the remainder when 208317104 is divided by 615.
614
Calculate the remainder when 3565773 is divided by 775.
773
Calculate the remainder when 4959717 is divided by 868.
833
Calculate the remainder when 381720 is divided by 1094.
1008
What is the remainder when 375525 is divided by 12481?
1095
Calculate the remainder when 5094587 is divided by 909.
551
Calculate the remainder when 11037609 is divided by 75.
9
What is the remainder when 488660 is divided by 9581?
29
What is the remainder when 4729360 is divided by 107485?
20
What is the remainder when 3807678 is divided by 14?
0
What is the remainder when 270327 is divided by 19280?
407
Calculate the remainder when 4044737 is divided by 10.
7
What is the remainder when 48619 is divided by 2198?
263
What is the remainder when 1715352 is divided by 311?
187
What is the remainder when 19170716 is divided by 323?
20
Calculate the remainder when 352808371 is divided by 12801.
10
What is the remainder when 19717140 is divided by 7678?
36
Calculate the remainder when 127888 is divided by 12713.
758
Calculate the remainder when 74994 is divided by 3167.
2153
What is the remainder when 600980 is divided by 2309?
640
What is the remainder when 133829 is divided by 576?
197
Calculate the remainder when 6236536 is divided by 2078844.
4
What is the remainder when 649656 is divided by 275?
106
Calculate the remainder when 154347 is divided by 288.
267
What is the remainder when 18300961 is divided by 133?
28
What is the remainder when 11529617 is divided by 911?
1
Calculate the remainder when 41319299 is divided by 33.
32
What is the remainder when 68176 is divided by 4847?
318
What is the remainder when 24446990 is divided by 9439?
9419
Calculate the remainder when 13746221 is divided by 844.
837
Calculate the remainder when 233821 is divided by 119.
105
Calculate the remainder when 223950 is divided by 55769.
874
Calculate the remainder when 2854512 is divided by 53858.
38
Calculate the remainder when 466512 is divided by 211.
202
Calculate the remainder when 13044720 is divided by 58760.
0
What is the remainder when 1451143 is divided by 398?
35
What is the remainder when 46471289 is divided by 258?
71
Calculate the remainder when 29386228 is divided by 14693110.
8
What is the remainder when 8326964 is divided by 1665392?
4
Calculate the remainder when 1186707 is divided by 28244.
459
Calculate the remainder when 12596912 is divided by 1066.
1056
Calculate the remainder when 2196781 is divided by 8.
5
Calculate the remainder when 20067699 is divided by 100.
99
Calculate the remainder when 5772291 is divided by 577228.
11
What is the remainder when 27101286 is divided by 1643?
1
Calculate the remainder when 1932166 is divided by 196.
194
What is the remainder when 877253 is divided by 19070?
33
Calculate the remainder when 26932448 is divided by 13.
10
What is the remainder when 1983462 is divided by 586?
438
Calculate the remainder when 412281 is divided by 24223.
490
Calculate the remainder when 1515125 is divided by 151511.
15
Calculate the remainder when 21676049 is divided by 8067.
20
Calculate the remainder when 3802 is divided by 49.
29
Calculate the remainder when 4147709 is divided by 14.
13
What is the remainder when 79007 is divided by 2548?
19
What is the remainder when 40398 is divided by 34975?
5423
Calculate the remainder when 109622 is divided by 4857.
2768
What is the remainder when 2737 is divided by 1545?
1192
Calculate the remainder when 69531 is divided by 79.
11
Calculate the remainder when 4255014 is divided by 10.
4
Calculate the remainder when 2623902 is divided by 437153.
984
Calculate the remainder when 8683958 is divided by 610.
608
What is the remainder when 159126 is divided by 17653?
249
What is the remainder when 2896342 is divided by 424?
422
What is the remainder when 142351 is divided by 143?
66
What is the remainder when 326684 is divided by 5540?
5364
Calculate the remainder when 656514690 is divided by 353.
348
Calculate the remainder when 1065197 is divided by 40.
37
Calculate the remainder when 68403 is divided by 8521.
235
What is the remainder when 346101 is divided by 1672?
1669
What is the remainder when 3629634 is divided by 6516?
222
Calculate the remainder when 17534318 is divided by 6828.
14
Calculate the remainder when 142924 is divided by 8923.
156
Calculate the remainder when 29520577 is divided by 4920086.
61
What is the remainder when 4554890 is divided by 129?
29
What is the remainder when 11448 is divided by 2540?
1288
What is the remainder when 4986131 is divided by 376?
371
What is the remainder when 44758 is divided by 44496?
262
Calculate the remainder when 61381114 is divided by 59884.
14
What is the remainder when 4433036 is divided by 1516?
252
What is the remainder when 15575 is divided by 1199?
1187
What is the remainder when 502435 is divided by 60?
55
What is the remainder when 354063264 is divided by 330?
324
What is the remainder when 140752 is divided by 2470?
2432
What is the remainder when 386986 is divided by 2047?
103
Calculate the remainder when 15882837 is divided by 310.
297
Calculate the remainder when 375517983 is divided by 13908073.
12
Calculate the remainder when 144593298 is divided by 49.
31
What is the remainder when 26450057 is divided by 57?
5
What is the remainder when 3015267 is divided by 12013?
4
What is the remainder when 75692 is divided by 2299?
2124
Calculate the remainder when 52227 is divided by 5800.
27
What is the remainder when 10846632 is divided by 957?
951
What is the remainder when 117450 is divided by 175?
25
What is the remainder when 18735 is divided by 16554?
2181
What is the remainder when 7335713 is divided by 251?
238
What is the remainder when 6722979 is divided by 85100?
79
Calculate the remainder when 88759 is divided by 1417.
905
What is the remainder when 3540790 is divided by 7582?
7578
What is the remainder when 156230 is divided by 155947?
283
What is the remainder when 29563 is divided by 5842?
353
What is the remainder when 44131 is divided by 134?
45
Calculate the remainder when 64952 is divided by 734.
360
